{"id":1920,"date":"2025-07-07T10:43:33","date_gmt":"2025-07-07T10:43:33","guid":{"rendered":"https:\/\/casadbrasao.pt\/?page_id=1920"},"modified":"2025-07-07T10:50:04","modified_gmt":"2025-07-07T10:50:04","slug":"elementor-pagina-1920","status":"publish","type":"page","link":"https:\/\/casadbrasao.pt\/?page_id=1920","title":{"rendered":"Pol\u00edtica de Privacidade"},"content":{"rendered":"\t\t<div data-elementor-type=\"wp-page\" data-elementor-id=\"1920\" class=\"elementor elementor-1920\">\n\t\t\t\t<div class=\"elementor-element elementor-element-a4e6de7 e-flex e-con-boxed e-con e-parent\" data-id=\"a4e6de7\" data-element_type=\"container\">\n\t\t\t\t\t<div class=\"e-con-inner\">\n\t\t\t\t<div class=\"elementor-element elementor-element-457f431 elementor-widget elementor-widget-heading\" data-id=\"457f431\" data-element_type=\"widget\" data-widget_type=\"heading.default\">\n\t\t\t\t<div class=\"elementor-widget-container\">\n\t\t\t\t\t<h2 class=\"elementor-heading-title elementor-size-default\">Pol\u00edtica de Privacidade \u2013 Casa D\u2019Bras\u00e3o<\/h2>\t\t\t\t<\/div>\n\t\t\t\t<\/div>\n\t\t\t\t\t<\/div>\n\t\t\t\t<\/div>\n\t\t<div class=\"elementor-element elementor-element-4f47f0c e-flex e-con-boxed e-con e-parent\" data-id=\"4f47f0c\" data-element_type=\"container\">\n\t\t\t\t\t<div class=\"e-con-inner\">\n\t\t\t\t<div class=\"elementor-element elementor-element-bf51d27 elementor-widget elementor-widget-text-editor\" data-id=\"bf51d27\" data-element_type=\"widget\" data-widget_type=\"text-editor.default\">\n\t\t\t\t<div class=\"elementor-widget-container\">\n\t\t\t\t\t\t\t\t\t<p>A informa\u00e7\u00e3o recolhida pelo nosso WebSite aos seus utilizadores \u00e9 mantida de acordo com a sua Pol\u00edtica de Privacidade para que possamos garantir um tratamento cuidado de toda a informa\u00e7\u00e3o pessoal fornecida, nomeadamente, como a utilizamos e com quem a partilhamos.<\/p><p><strong>Que informa\u00e7\u00e3o recolhemos? <\/strong>Com o objetivo de fornecer um servi\u00e7o mais personalizado aos utilizadores, a Casa D&#8217;Bras\u00e3o recolhe e guarda informa\u00e7\u00e3o para uma quest\u00e3o b\u00e1sica de navega\u00e7\u00e3o.<\/p><p><strong>Como utilizamos a informa\u00e7\u00e3o?<\/strong> Qualquer informa\u00e7\u00e3o fornecida pelo utilizador ser\u00e1 utilizada de acordo com a lei de Prote\u00e7\u00e3o de Dados Pessoais. A informa\u00e7\u00e3o guardada ser\u00e1 utilizada para estabelecer um elo de liga\u00e7\u00e3o com o utilizador atrav\u00e9s do envio de newsletters. O utilizador poder\u00e1, em qualquer momento, cancelar o envio destas comunica\u00e7\u00f5es.<\/p><p><strong>Com quem partilhamos a informa\u00e7\u00e3o?<\/strong> A informa\u00e7\u00e3o recolhida ser\u00e1 de uso exclusivo da Casa D&#8217;Bras\u00e3o, garantindo n\u00e3o ceder a sua informa\u00e7\u00e3o a entidades externas.<\/p><p><strong>Cookies?<\/strong> \u00c9 comummente utilizada uma tecnologia denominada cookies neste site. Cookies s\u00e3o fragmentos de informa\u00e7\u00e3o que s\u00e3o armazenados no seu computador e que nos permitem compreender melhor os h\u00e1bitos relacionados com o site, nomeadamente, as p\u00e1ginas mais visitadas e os artigos mais procurados. Para mais informa\u00e7\u00f5es, consulte a nossa pol\u00edtica de cookies.<\/p><p><strong> Liga\u00e7\u00f5es a sites terceiros?<\/strong> Por cortesia aos nossos visitantes, o nosso site cont\u00e9m liga\u00e7\u00f5es para alguns sites de terceiros (de propriedade de outros que n\u00e3o a Casa D&#8217;Bras\u00e3o). A pol\u00edtica de privacidade aqui apresentada n\u00e3o se aplica a esses sites. Deve contact\u00e1-los diretamente para obter informa\u00e7\u00e3o sobre as suas pol\u00edticas de privacidade, acordos de confidencialidade e procedimentos de rece\u00e7\u00e3o\/distribui\u00e7\u00e3o de dados.<\/p><p>Para qualquer esclarecimento adicional, contacte-nos: geral@casadbrasao.pt<\/p>\t\t\t\t\t\t\t\t<\/div>\n\t\t\t\t<\/div>\n\t\t\t\t\t<\/div>\n\t\t\t\t<\/div>\n\t\t\t\t<\/div>\n\t\t","protected":false},"excerpt":{"rendered":"<p>Pol\u00edtica de Privacidade \u2013 Casa D\u2019Bras\u00e3o A informa\u00e7\u00e3o recolhida pelo nosso WebSite aos seus utilizadores \u00e9 mantida de acordo com a sua Pol\u00edtica de Privacidade para que possamos garantir um tratamento cuidado de toda a informa\u00e7\u00e3o pessoal fornecida, nomeadamente, como a utilizamos e com quem a partilhamos. Que informa\u00e7\u00e3o recolhemos? Com o objetivo de fornecer &hellip;<\/p>\n<p class=\"read-more\"> <a class=\"\" href=\"https:\/\/casadbrasao.pt\/?page_id=1920\"> <span class=\"screen-reader-text\">Pol\u00edtica de Privacidade<\/span> Read More &raquo;<\/a><\/p>\n","protected":false},"author":1,"featured_media":0,"parent":0,"menu_order":0,"comment_status":"closed","ping_status":"closed","template":"","meta":{"site-sidebar-layout":"no-sidebar","site-content-layout":"page-builder","ast-global-header-display":"","ast-main-header-display":"","ast-hfb-above-header-display":"","ast-hfb-below-header-display":"","ast-hfb-mobile-header-display":"","site-post-title":"disabled","ast-breadcrumbs-content":"","ast-featured-img":"disabled","footer-sml-layout":"","theme-transparent-header-meta":"","adv-header-id-meta":"","stick-header-meta":"","header-above-stick-meta":"","header-main-stick-meta":"","header-below-stick-meta":"","_joinchat":[],"footnotes":""},"class_list":["post-1920","page","type-page","status-publish","hentry"],"_links":{"self":[{"href":"https:\/\/casadbrasao.pt\/index.php?rest_route=\/wp\/v2\/pages\/1920","targetHints":{"allow":["GET"]}}],"collection":[{"href":"https:\/\/casadbrasao.pt\/index.php?rest_route=\/wp\/v2\/pages"}],"about":[{"href":"https:\/\/casadbrasao.pt\/index.php?rest_route=\/wp\/v2\/types\/page"}],"author":[{"embeddable":true,"href":"https:\/\/casadbrasao.pt\/index.php?rest_route=\/wp\/v2\/users\/1"}],"replies":[{"embeddable":true,"href":"https:\/\/casadbrasao.pt\/index.php?rest_route=%2Fwp%2Fv2%2Fcomments&post=1920"}],"version-history":[{"count":5,"href":"https:\/\/casadbrasao.pt\/index.php?rest_route=\/wp\/v2\/pages\/1920\/revisions"}],"predecessor-version":[{"id":1930,"href":"https:\/\/casadbrasao.pt\/index.php?rest_route=\/wp\/v2\/pages\/1920\/revisions\/1930"}],"wp:attachment":[{"href":"https:\/\/casadbrasao.pt\/index.php?rest_route=%2Fwp%2Fv2%2Fmedia&parent=1920"}],"curies":[{"name":"wp","href":"https:\/\/api.w.org\/{rel}","templated":true}]}}